{"id":28,"date":"2023-05-03T10:18:33","date_gmt":"2023-05-03T10:18:33","guid":{"rendered":"https:\/\/depositoslimpiaparabrisas.com\/?page_id=28"},"modified":"2023-05-03T10:19:09","modified_gmt":"2023-05-03T10:19:09","slug":"aviso-legal","status":"publish","type":"page","link":"https:\/\/depositoslimpiaparabrisas.com\/index.php\/aviso-legal\/","title":{"rendered":"Aviso Legal"},"content":{"rendered":"\n<p>Lea cuidadosamente este documento. El mismo constituye el Aviso Legal que establece las condiciones de uso y regula el acceso, navegaci\u00f3n y utilizaci\u00f3n del Sitio Web ubicado en la URL depositoslimpiaparabrisas.com (en adelante, el \u201cSitio Web\u201d).<\/p>\n\n\n\n<p>El acceso, navegaci\u00f3n y utilizaci\u00f3n del Sitio Web atribuye al visitante la condici\u00f3n de usuario (en adelante, el \u201cUsuario\u201d), implicando la aceptaci\u00f3n expresa y sin reservas de todos los t\u00e9rminos del presente Aviso Legal, teniendo la misma validez y eficacia que cualquier contrato celebrado por escrito y firmado.<\/p>\n\n\n\n<p>Para empezar, debes saber que este sitio web cumple con las normativas vigentes en materia de protecci\u00f3n de datos, con el objetivo de aportarte las garant\u00edas, la seguridad y la transparencia que, como usuario te corresponden, a la hora de utilizar esta web.<\/p>\n\n\n\n<p>Su observancia y cumplimiento ser\u00e1n exigibles respecto de cualquier persona que acceda, navegue o utilice el Sitio Web. Si Usted no est\u00e1 de acuerdo con los t\u00e9rminos expuestos, no acceda, navegue o utilice el mismo.<\/p>\n\n\n\n<p>Responsable del tratamiento de tus datos personales<\/p>\n\n\n\n<p>Identidad del responsable: Ana Nuez Rosario<\/p>\n\n\n\n<p>Nombre comercial: depositoslimpiaparabrisas.com<\/p>\n\n\n\n<p>NIF\/CIF: 43290095R<\/p>\n\n\n\n<p>Direcci\u00f3n:&nbsp;Calle Pancho Guerra 19, 35260 Ag\u00fcimes \u2013 Gran Canaria -Espa\u00f1a<\/p>\n\n\n\n<p>Correo electr\u00f3nico: hefesto.anais@gmail.com<\/p>\n\n\n\n<p>Objeto y \u00e1mbito de aplicaci\u00f3n<\/p>\n\n\n\n<p>El presente Aviso Legal regula el acceso, navegaci\u00f3n y utilizaci\u00f3n del Sitio Web, sin perjuicio de que depositoslimpiaparabrisas.com se reserva el derecho a modificar la presentaci\u00f3n, configuraci\u00f3n y contenido del mismo, as\u00ed como las condiciones requeridas para su acceso o utilizaci\u00f3n. Las modificaciones de los t\u00e9rminos y condiciones del presente Aviso Legal ser\u00e1n publicadas en la misma forma en que aparece \u00e9ste o a trav\u00e9s de cualquier tipo de comunicaci\u00f3n dirigida a los usuarios. El acceso, navegaci\u00f3n y utilizaci\u00f3n del Sitio Web tras la entrada en vigor de las modificaciones o cambios suponen su aceptaci\u00f3n.<\/p>\n\n\n\n<p>Nuestro sitio web se constituye como una entidad , que cuenta con personalidad jur\u00eddica propia y plena capacidad, amparada por la ley y reconocida por el Estado.<\/p>\n\n\n\n<p>El Sitio Web, desde su puesta en funcionamiento, se dedica a ofrecer informaci\u00f3n de productos y servicios, el inter\u00e9s que muestre por un producto en depositoslimpiaparabrisas.com siempre ser\u00e1 bajo desv\u00edo a la plataforma de un tercero como Amazon.\u00a0<\/p>\n\n\n\n<p>No obstante, el acceso a determinados contenidos y la utilizaci\u00f3n de concretos servicios puede encontrarse sometido a condiciones particulares, que ser\u00e1n en todo caso claramente mostrados. Estas condiciones particulares podr\u00e1n sustituir, completar o, en su caso, modificar los t\u00e9rminos del presente Aviso Legal. En caso de contradicci\u00f3n, siempre y en todo caso, prevalecer\u00e1n las condiciones particulares.<\/p>\n\n\n\n<p>Derechos de propiedad&nbsp;intelectual e industrial<\/p>\n\n\n\n<p>Derechos sobre el Sitio Web y sus Contenidos.<\/p>\n\n\n\n<p>depositoslimpiaparabrisas.com es titular o, en su caso, cuenta con las licencias correspondientes sobre los derechos de explotaci\u00f3n de propiedad intelectual e industrial del Sitio Web, as\u00ed como de todos los Contenidos ofrecidos en el mismo, incluyendo, a t\u00edtulo enunciativo y no limitativo, la propia plataforma, textos, fotograf\u00edas o ilustraciones, logos, marcas, grafismos, dise\u00f1os, interfaces, o cualquier otra informaci\u00f3n o contenido y los servicios disponibles a trav\u00e9s del mismo.<\/p>\n\n\n\n<p>En ning\u00fan caso se entender\u00e1 que el acceso, navegaci\u00f3n y utilizaci\u00f3n del Sitio Web por parte del Usuario implica una renuncia, transmisi\u00f3n, licencia o cesi\u00f3n total o parcial de dichos derechos por parte de depositoslimpiaparabrisas.com. Al acceder al Sitio Web, el usuario adquiere un derecho de uso de los contenidos y\/o servicios del Sitio Web dentro de un \u00e1mbito dom\u00e9stico y \u00fanicamente con la finalidad de disfrutar de las prestaciones del servicio de acuerdo con el presente Aviso Legal.<\/p>\n\n\n\n<p>Las referencias a marcas o nombres comerciales registrados, u otros signos distintivos, ya sean titularidad de depositoslimpiaparabrisas.com o de terceras empresas, llevan impl\u00edcita la prohibici\u00f3n sobre su uso sin el consentimiento de depositoslimpiaparabrisas.com o de sus leg\u00edtimos titulares. En ning\u00fan momento, salvo manifestaci\u00f3n expresa y por escrito en contrario por parte de depositoslimpiaparabrisas.com, el acceso, navegaci\u00f3n o utilizaci\u00f3n del Sitio Web o de sus contenidos confiere al Usuario derecho alguno sobre signos distintivos en \u00e9l incluidos.<\/p>\n\n\n\n<p>Quedan reservados todos los derechos de propiedad intelectual e industrial sobre los Contenidos del Sitio\u00a0 Web y, en particular, queda prohibido modificar, copiar, reproducir, comunicar p\u00fablicamente, poner a disposici\u00f3n, transformar o distribuir, por cualquier medio y bajo cualquier forma, la totalidad o parte de los contenidos incluidos en el mismo, para prop\u00f3sitos p\u00fablicos o comerciales, si no se cuenta con autorizaci\u00f3n previa, expresa y por escrito de depositoslimpiaparabrisas.com o, en su caso, del titular de los derechos correspondientes.<\/p>\n\n\n\n<p>Asimismo, queda prohibido suprimir o manipular las indicaciones de&nbsp;copyright&nbsp;u otros cr\u00e9ditos que identifiquen a los titulares de derechos de los contenidos del Sitio Web, as\u00ed como los dispositivos t\u00e9cnicos de protecci\u00f3n, las huellas digitales, o cualquier mecanismo de protecci\u00f3n o informaci\u00f3n incorporada a los mismos.<\/p>\n\n\n\n<p>Enlaces<\/p>\n\n\n\n<p>Enlaces a otras p\u00e1ginas web.<\/p>\n\n\n\n<p>En el Sitio Web pueden mostrarse enlaces a otras p\u00e1ginas web mediante diferentes botones,\u00a0links,\u00a0banners, contenidos embebidos, etc., depositoslimpiaparabrisas.com informa que \u00e9stos se encontrar\u00edan directamente gestionados por terceros. Depositoslimpiaparabrisas.com no tiene facultad ni medios humanos ni t\u00e9cnicos, para conocer de forma previa, controlar o aprobar toda la informaci\u00f3n, contenidos, productos o servicios facilitados por otras plataformas a las que se puedan establecer enlaces desde el Sitio Web.<\/p>\n\n\n\n<p>En consecuencia, depositoslimpiaparabrisas.com no podr\u00e1 asumir ning\u00fan tipo de responsabilidad por cualquier aspecto relativo a cualquier plataforma o p\u00e1gina web a la que se pudiera establecer un enlace desde el Sitio Web, en concreto, a t\u00edtulo enunciativo y no limitativo, sobre su funcionamiento, acceso, datos, informaci\u00f3n, archivos, calidad y fiabilidad de sus productos y servicios, sus propios enlaces y\/o cualquiera de sus contenidos, en general.<\/p>\n\n\n\n<p>En este sentido, si los Usuarios tuvieran conocimiento efectivo de que las actividades desarrolladas a trav\u00e9s de estas p\u00e1ginas web de terceros son ilegales o contravienen la moral y\/o el orden p\u00fablico, deber\u00e1n comunicarlo inmediatamente al Prestador a los efectos de que se proceda a deshabilitar el enlace de acceso a las mismas.<\/p>\n\n\n\n<p>En cualquier caso, el establecimiento de cualquier tipo de enlace desde el Sitio Web a otra p\u00e1gina web ajena no implicar\u00e1 que exista alg\u00fan tipo de relaci\u00f3n, colaboraci\u00f3n o dependencia entre depositoslimpiaparabrisas.com  y el responsable de la p\u00e1gina web ajena.<\/p>\n\n\n\n<p>ENLACES O LINKS<\/p>\n\n\n\n<p>Este sitio web incluye enlaces o links a sitios de terceros. Las p\u00e1ginas pertenecientes a estos terceros no han sido revisadas ni son objeto de controles por nuestra parte, por lo que&nbsp;el sitio web&nbsp;no podr\u00e1 ser considerado responsable de los contenidos de estos sitios web, ni de las medidas que se adopten relativas a su privacidad o al tratamiento de sus datos de car\u00e1cter personal u otros que pudieran derivarse.<\/p>\n\n\n\n<p>Por todo ello, te recomendamos&nbsp;la lectura detenida de las condiciones de uso, pol\u00edtica de privacidad, avisos legales y\/o similares de estos sitios.<\/p>\n\n\n\n<p>ENLACES DE AFILIACI\u00d3N DE AMAZON<\/p>\n\n\n\n<p>Este sitio web, de acuerdo a su finalidad, utiliza enlaces de afiliado de Amazon.<\/p>\n\n\n\n<p>Esto quiere decir que encontrar\u00e1s enlaces de productos de Amazon a los que podr\u00e1s acceder directamente desde nuestro sitio web pero que, en su caso, la compra la realizar\u00e1s en Amazon, bajo sus propias condiciones en ese momento.<\/p>\n\n\n\n<p>Reglas de uso<\/p>\n\n\n\n<p>No est\u00e1 permitido y, por tanto, las consecuencias ser\u00e1n exclusiva responsabilidad del usuario, el acceso o la utilizaci\u00f3n del Sitio Web con fines ilegales o no autorizados, con o sin finalidad econ\u00f3mica. En particular, y sin que el siguiente listado tenga car\u00e1cter absoluto, ni limitativo, queda prohibido:<\/p>\n\n\n\n<p>Usar el Sitio Web en forma alguna que pueda provocar da\u00f1os, interrupciones, ineficiencias o defectos en su funcionamiento o en el ordenador de un tercero;<\/p>\n\n\n\n<p>Usar el Sitio Web para la transmisi\u00f3n, instalaci\u00f3n o publicaci\u00f3n de cualquier virus, c\u00f3digo malicioso u otros programas o archivos perjudiciales;<\/p>\n\n\n\n<p>Usar el Sitio Web de manera que constituya una vulneraci\u00f3n de los derechos de depositoslimpiaparabrisas.com o de cualquier tercero;<\/p>\n\n\n\n<p>Usar el Sitio Web para transmitir o publicar cualquier material de car\u00e1cter difamatorio, ofensivo, racista, vulgar, denigrante, pornogr\u00e1fico, o de naturaleza obscena o amenazadora o que pueda causar molestia a cualquier persona;<\/p>\n\n\n\n<p>Usar el Sitio Web de forma ilegal, en contra de la buena fe, la moral y el orden p\u00fablico;<\/p>\n\n\n\n<p>Acceder o interactuar con el Sitio Web con una identidad falsa, suplantando a terceros, utilizando un perfil o realizando cualquier otra acci\u00f3n que pueda dar lugar a confusi\u00f3n sobre la identidad del origen de un mensaje;<\/p>\n\n\n\n<p>Acceder sin autorizaci\u00f3n a cualquier secci\u00f3n del Sitio Web, a otros sistemas o redes conectados a \u00e9ste, a cualquier servidor de depositoslimpiaparabrisas.com, por medio de pirateo o falsificaci\u00f3n, extracci\u00f3n de contrase\u00f1as o cualquier otro medio ileg\u00edtimo;<\/p>\n\n\n\n<p>Quebrantar, o intentar quebrantar, las medidas de seguridad o autenticaci\u00f3n del Sitio Web o de cualquier red conectada al mismo, o las medidas de seguridad o protecci\u00f3n inherentes a los contenidos alojados en el Sitio Web;<\/p>\n\n\n\n<p>Llevar a cabo alguna acci\u00f3n que provoque una saturaci\u00f3n desproporcionada o innecesaria en la infraestructura del Sitio Web o en los sistemas o redes de depositoslimpiaparabrisas.com, as\u00ed como en los sistemas y redes conectados al Sitio Web; y<\/p>\n\n\n\n<p>Introducir datos que sean manifiestamente falsos, siendo o no el Usuario conocedor de dicha circunstancia.<\/p>\n\n\n\n<p>El incumplimiento de cualquiera de las anteriores obligaciones por el Usuario podr\u00e1 llevar aparejada la adopci\u00f3n por depositoslimpiaparabrisas.com de las medidas oportunas amparadas en Derecho y en el ejercicio de sus derechos u obligaciones, pudiendo llegar a la eliminaci\u00f3n o bloqueo de la cuenta del Usuario infractor, sin que medie posibilidad de indemnizaci\u00f3n alguna por los da\u00f1os y perjuicios causados.<\/p>\n\n\n\n<p>Depositoslimpiaparabrisas.com se reserva el derecho a retirar todos aquellos contenidos, aportaciones o comentarios que sean contrarios a la ley, la moral y el orden p\u00fablico, siendo a t\u00edtulo enunciativo, pero no limitativo, aqu\u00e9llos que vulneren la dignidad de la persona, discriminatorios, racistas, xen\u00f3fobos, que sean contrarios a la juventud o la infancia, pornogr\u00e1ficos o que atenten contra la seguridad p\u00fablica. En cualquier caso, depositoslimpiaparabrisas.com no ser\u00e1 responsable de las opiniones vertidas por los usuarios a trav\u00e9s de los foros, chats u otras herramientas de participaci\u00f3n.<\/p>\n\n\n\n<p>Responsabilidades y garant\u00edas<\/p>\n\n\n\n<p>Depositoslimpiaparabrisas.com no puede garantizar la fiabilidad, utilidad o veracidad de absolutamente toda la informaci\u00f3n contenida en la Web, ni tampoco de la utilidad o veracidad de la documentaci\u00f3n puesta a disposici\u00f3n a trav\u00e9s del mismo.<\/p>\n\n\n\n<p>En consecuencia, depositoslimpiaparabrisas.com no garantiza ni se hace responsable de: (I) la continuidad de los contenidos del Sitio Web; (II) la ausencia de errores en dichos contenidos; (III) la ausencia de virus o dem\u00e1s componentes da\u00f1inos en el Sitio Web o en el servidor que lo suministra; (IV) la invulnerabilidad del Sitio Web o la imposibilidad de vulnerar las medidas de seguridad que se adopten para el mismo; (V) la falta de utilidad o rendimiento de los contenidos del\u00a0 Sitio Web; ni (VI) los da\u00f1os o perjuicios que cause, a s\u00ed mismo o a un tercero, cualquier persona que infringiera las condiciones, normas e instrucciones que depositoslimpiaparabrisas.com establece, o a trav\u00e9s de la vulneraci\u00f3n de sistemas de seguridad.<\/p>\n\n\n\n<p>No obstante, depositoslimpiaparabrisas.com declara que ha adoptado todas las medidas necesarias, dentro de sus posibilidades y del estado de la t\u00e9cnica, para garantizar el buen funcionamiento del Sitio Web y reducir al m\u00ednimo los errores del sistema, tanto desde el punto de vista t\u00e9cnico como de los contenidos publicados, as\u00ed como para evitar la existencia y transmisi\u00f3n de virus y dem\u00e1s componentes da\u00f1inos a los sistemas inform\u00e1ticos de los Usuarios.<\/p>\n\n\n\n<p>Depositoslimpiaparabrisas.com no garantiza la licitud, fiabilidad y utilidad de los contenidos suministrados por terceros a trav\u00e9s del Sitio Web. Si el Usuario tuviera conocimiento de la existencia de alg\u00fan contenido il\u00edcito, ilegal, contrario a las leyes o que pudiera suponer una infracci\u00f3n de derechos de terceros, deber\u00e1 notificarlo inmediatamente al Prestador para que \u00e9ste pueda proceder a la adopci\u00f3n de las medidas oportunas.<\/p>\n\n\n\n<p>Depositoslimpiaparabrisas.com no ser\u00e1 responsable de la veracidad, integridad o actualizaci\u00f3n de las informaciones publicadas en el Sitio Web provenientes de fuentes ajenas, as\u00ed como tampoco de las contenidas en otras plataformas en las que se ubique un\u00a0banner\u00a0enlazando al Sitio Web. depositoslimpiaparabrisas.com no asumir\u00e1 responsabilidad alguna en cuanto a hipot\u00e9ticos perjuicios que pudieran originarse por el uso de las citadas informaciones. En caso de que cualquier usuario del Sitio Web llevase a cabo alguna actuaci\u00f3n susceptible de ser considerada como il\u00edcita, ilegal, contraria a las leyes o que pudiese suponer la infracci\u00f3n o vulneraci\u00f3n de derechos de terceros, lo har\u00e1 bajo su entera responsabilidad, manteniendo indemne al Prestador por sus actuaciones.<\/p>\n\n\n\n<p>Suspensi\u00f3n del sitio web<\/p>\n\n\n\n<p>Depositoslimpiaparabrisas.com se reserva el derecho a suspender, modificar, restringir o interrumpir, ya sea temporal o permanentemente, el acceso, navegaci\u00f3n, uso, alojamiento o descarga del contenido o uso de servicios del Sitio Web, con o sin previa notificaci\u00f3n, a los usuarios que contravengan cualquiera de las disposiciones detalladas en el presente Aviso Legal, sin que medie la posibilidad para el Usuario de exigir indemnizaci\u00f3n alguna por esta causa.<\/p>\n\n\n\n<p>Confidencialidad y protecci\u00f3n de datos<\/p>\n\n\n\n<p>De conformidad con&nbsp;el REGLAMENTO (UE) 2016\/ 679 DEL PARLAMENTO EUROPEO Y DEL CONSEJO de 27 de abril de 2016 relativo a la protecci\u00f3n de las personas f\u00edsicas en lo que respecta al tratamiento de datos personales y a la libre circulaci\u00f3n de estos datos y por el que se deroga la Directiva 95\/46\/CE &nbsp;(Reglamento General de Protecci\u00f3n de Datos) , el tratamiento de los datos del usuario se realizar\u00e1 conforme a la&nbsp;Pol\u00edtica de Privacidad&nbsp;del Sitio Web.<\/p>\n\n\n\n<p>Generales<\/p>\n\n\n\n<p>Los encabezamientos de las distintas cl\u00e1usulas son s\u00f3lo informativos, y no afectar\u00e1n, calificar\u00e1n o ampliar\u00e1n la interpretaci\u00f3n del presente Aviso Legal. Asimismo, depositoslimpiaparabrisas.com podr\u00e1 modificar los t\u00e9rminos y condiciones aqu\u00ed estipuladas, total o parcialmente, publicando cualquier cambio en la misma forma en que aparece este Aviso Legal o a trav\u00e9s de cualquier tipo de comunicaci\u00f3n dirigida a los Usuarios.<\/p>\n\n\n\n<p>La vigencia temporal del presente Aviso Legal coincide, por tanto, con el tiempo de su exposici\u00f3n, hasta que sea modificado total o parcialmente, momento en el cual pasar\u00e1 a tener vigencia el Aviso Legal modificado.<\/p>\n\n\n\n<p>Los servicios puestos a disposici\u00f3n del Usuario podr\u00e1n ser variados por depositoslimpiaparabrisas.com sin necesidad de previo aviso. En el caso de que alguno de los servicios ofertados tenga condiciones particulares, \u00e9stas ser\u00e1n debidamente informadas al usuario y deber\u00e1n ser aceptadas con anterioridad a su prestaci\u00f3n.<\/p>\n\n\n\n<p>Asimismo, depositoslimpiaparabrisas.com podr\u00e1 dar por terminado, suspender o interrumpir, en cualquier momento y sin necesidad de preaviso, el acceso a los contenidos del Sitio Web, sin posibilidad por parte del Usuario de exigir indemnizaci\u00f3n alguna. Tras dicha extinci\u00f3n, seguir\u00e1n vigentes las prohibiciones de uso de los contenidos expuestos anteriormente en el presente Aviso Legal.<\/p>\n\n\n\n<p>En el caso de que cualquier disposici\u00f3n del presente Aviso Legal fuese declarada nula o inaplicable, en su totalidad o en parte, por cualquier Juzgado, Tribunal u \u00f3rgano administrativo competente, dicha nulidad o inaplicaci\u00f3n no afectar\u00e1 a las restantes disposiciones del mismo.<\/p>\n\n\n\n<p>El no ejercicio o ejecuci\u00f3n por parte depositoslimpiaparabrisas.com de cualquier derecho o disposici\u00f3n contenido en el presente Aviso Legal no constituir\u00e1 una renuncia al mismo.<\/p>\n\n\n\n<p>Legislaci\u00f3n aplicable y jurisdicci\u00f3n competente<\/p>\n\n\n\n<p>La normativa vigente determinar\u00e1 las leyes que deban regir y la jurisdicci\u00f3n que deba conocer de las relaciones entre depositoslimpiaparabrisas.com y los usuarios del Sitio Web. No obstante, siempre que tal normativa prevea la posibilidad para las partes de someterse a un fuero determinado, para toda cuesti\u00f3n litigiosa derivada o relacionada con el Sitio Web, ser\u00e1 de aplicaci\u00f3n la legislaci\u00f3n espa\u00f1ola vigente en el momento de los hechos. Asimismo, depositoslimpiaparabrisas.com y los Usuarios, con renuncia expresa a cualquier otro fuero que pudiera corresponderles, se someten a los Juzgados y Tribunales de la ciudad de Las Palmas de Gran Canaria (Espa\u00f1a).<\/p>\n\n\n\n<p>Para presentar reclamaciones en el uso de nuestros servicios, puede dirigirse por correo electr\u00f3nico a la direcci\u00f3n indicada en el apartado de Identificaci\u00f3n, comprometi\u00e9ndonos a buscar en todo momento una soluci\u00f3n amistosa del conflicto.<\/p>\n","protected":false},"excerpt":{"rendered":"<p>Lea cuidadosamente este documento. El mismo constituye el Aviso Legal que establece las condiciones de uso y regula el acceso, navegaci\u00f3n y utilizaci\u00f3n del Sitio Web ubicado en la URL depositoslimpiaparabrisas.com (en adelante, el \u201cSitio Web\u201d). El acceso, navegaci\u00f3n y utilizaci\u00f3n del Sitio Web atribuye al visitante la condici\u00f3n de usuario (en adelante, el \u201cUsuario\u201d),&#8230;<\/p>\n","protected":false},"author":1,"featured_media":0,"parent":0,"menu_order":0,"comment_status":"closed","ping_status":"closed","template":"","meta":[],"_links":{"self":[{"href":"https:\/\/depositoslimpiaparabrisas.com\/index.php\/wp-json\/wp\/v2\/pages\/28"}],"collection":[{"href":"https:\/\/depositoslimpiaparabrisas.com\/index.php\/wp-json\/wp\/v2\/pages"}],"about":[{"href":"https:\/\/depositoslimpiaparabrisas.com\/index.php\/wp-json\/wp\/v2\/types\/page"}],"author":[{"embeddable":true,"href":"https:\/\/depositoslimpiaparabrisas.com\/index.php\/wp-json\/wp\/v2\/users\/1"}],"replies":[{"embeddable":true,"href":"https:\/\/depositoslimpiaparabrisas.com\/index.php\/wp-json\/wp\/v2\/comments?post=28"}],"version-history":[{"count":2,"href":"https:\/\/depositoslimpiaparabrisas.com\/index.php\/wp-json\/wp\/v2\/pages\/28\/revisions"}],"predecessor-version":[{"id":30,"href":"https:\/\/depositoslimpiaparabrisas.com\/index.php\/wp-json\/wp\/v2\/pages\/28\/revisions\/30"}],"wp:attachment":[{"href":"https:\/\/depositoslimpiaparabrisas.com\/index.php\/wp-json\/wp\/v2\/media?parent=28"}],"curies":[{"name":"wp","href":"https:\/\/api.w.org\/{rel}","templated":true}]}}