{"id":24,"date":"2023-05-03T10:10:09","date_gmt":"2023-05-03T10:10:09","guid":{"rendered":"https:\/\/depositoslimpiaparabrisas.com\/?page_id=24"},"modified":"2023-05-03T10:10:35","modified_gmt":"2023-05-03T10:10:35","slug":"politica-de-privacidad","status":"publish","type":"page","link":"https:\/\/depositoslimpiaparabrisas.com\/index.php\/politica-de-privacidad\/","title":{"rendered":"Pol\u00edtica de Privacidad"},"content":{"rendered":"\n<p> <h2 class=\"wp-block-heading\">Si est\u00e1s aqu\u00ed&#8230;. <\/h2><\/p>\n\n\n\n<p>Si est\u00e1s aqu\u00ed\u2026.<br>\u2026te damos la bienvenida a nuestra web y te invitamos a conocer estos t\u00e9rminos antes de que facilite sus datos personales en ella, si estos fueran precisos.<\/p>\n\n\n\n<p>Menores de edad.<br>No esta permitido el tratamiento de datos personales a menores de edad.<br>Si es menor de 18 a\u00f1os y ha accedido a este sitio web no debe usar el formulario de contacto.<\/p>\n\n\n\n<p>Algunos principios que debe conocer<br>En depositoslimpiaparabrisas.com es una prioridad el respeto y la protecci\u00f3n de los datos personales de los usuarios. Como usuario debe saber que sus derechos est\u00e1n garantizados en esta web.<br>Nos hemos esforzado en crear un espacio seguro y confiable y por eso queremos compartir nuestros principios respecto a su privacidad:<br>Nunca solicitamos informaci\u00f3n personal a menos que realmente sea necesaria para prestarte los servicios que nos requiera.<br>Nunca compartimos informaci\u00f3n personal de nuestros usuarios con nadie, excepto para cumplir con la ley o en caso de que cuente con su autorizaci\u00f3n expresa.<br>Nunca utilizamos sus datos personales con una finalidad diferente a la expresada en esta pol\u00edtica de privacidad.<br>Esta Pol\u00edtica de Privacidad podr\u00eda variar en funci\u00f3n de exigencias legislativas o de autorregulaci\u00f3n, por lo que le aconsejamos como usuario que la visite peri\u00f3dicamente. Ser\u00e1 aplicable en caso de que los usuarios decidan rellenar cualquiera de sus formularios de contacto donde se recaben datos de car\u00e1cter personal.<\/p>\n\n\n\n<p>Regulaciones legales a las que se acoge esta web<br>depositoslimpiaparabrisas.com ha adecuado esta web a las exigencias del Reglamento (UE) 2016\/679 del Parlamento Europeo y del Consejo de 27 de abril de 2016 relativo a la protecci\u00f3n de las personas f\u00edsicas (RGPD), as\u00ed como con la Ley 34\/2002, de 11 de julio, de Servicios de la Sociedad de la Informaci\u00f3n y Comercio Electr\u00f3nico (LSSICE o LSSI).<\/p>\n\n\n\n<p>Responsable del tratamiento de tus datos personales<br>Identidad del responsable: Ana Nuez Rosario<br>Nombre comercial: depositoslimpiaparabrisas.com<br>NIF\/CIF: 43290095R<br>Direcci\u00f3n: Calle Pancho Guerra 19, 35260 Ag\u00fcimes \u2013 Gran Canaria -Espa\u00f1a<br>Correo electr\u00f3nico: hefesto.anais@gmail.com<br>A efectos de lo previsto en el Reglamento General de Protecci\u00f3n de Datos antes citado, los datos personales que nos env\u00ede a trav\u00e9s de los formularios de la web recibir\u00e1n el tratamiento de datos de \u201cConsultas de la web\u201d.<\/p>\n\n\n\n<p>Para el tratamiento de datos de nuestros usuarios implementamos todas las medidas t\u00e9cnicas y organizativas de seguridad establecidas en la legislaci\u00f3n vigente.<\/p>\n\n\n\n<p>\u00bfC\u00f3mo hemos obtenido sus datos?<br>La visita a depositoslimpiaparabrisas.com no supone que el usuario est\u00e9 obligado a facilitar ninguna informaci\u00f3n sobre s\u00ed mismo. No obstante, el uso de algunos de los servicios disponibles en turbocoches.com depende de la cumplimentaci\u00f3n de formularios de informaci\u00f3n personal.<\/p>\n\n\n\n<p>Los datos que se soliciten en los diferentes formularios de depositoslimpiaparabrisas.com son los necesarios para prestar los servicios solicitados. La negativa a proporcionar los datos se\u00f1alados como necesarios puede suponer la imposibilidad de prestar adecuadamente dichos servicios. As\u00ed mismo, podr\u00e1 facilitar datos de modo voluntario con el objetivo de que puedan prestarse de modo \u00f3ptimo estos servicios:<\/p>\n\n\n\n<p>Formulario de contacto (Si lo hubiera).\u00a0<br>\u00bfCu\u00e1les son sus derechos cuando nos facilita sus datos?<br>Cualquier persona tiene derecho a obtener confirmaci\u00f3n sobre si depositoslimpiaparabrisas.com esta tratando datos personales que nos conciernen o no.<\/p>\n\n\n\n<p>Las personas interesadas tienen derecho a:<\/p>\n\n\n\n<p>Solicitar el acceso a los datos personales relativos al interesado.<br>Solicitar su rectificaci\u00f3n o supresi\u00f3n.<br>Solicitar la limitaci\u00f3n de su tratamiento.<br>Oponerse al tratamiento.<br>Solicitar la portabilidad de los datos.<br>Los interesados podr\u00e1n acceder a sus datos personales, as\u00ed como a solicitar la rectificaci\u00f3n de datos inexactos o, en su caso, a solicitar su supresi\u00f3n cuando, entre otros motivos, los datos ya no sean necesarios para los fines que fueron recogidos.<\/p>\n\n\n\n<p>En determinadas circunstancias, los interesados podr\u00e1n solicitar la limitaci\u00f3n del tratamiento de sus datos, en cuyo caso, \u00fanicamente los conservaremos para el ejercicio o la defensa de reclamaciones.<\/p>\n\n\n\n<p>En determinadas circunstancias y por motivos relacionados con su situaci\u00f3n particular, los interesados podr\u00e1n oponerse al tratamiento de sus datos. depositoslimpiaparabrisas.com dejar\u00e1 de tratar los datos, salvo por motivos leg\u00edtimos imperiosos, o el ejercicio o la defensa de posibles reclamaciones. Tambi\u00e9n podr\u00e1n solicitar la portabilidad de sus datos.<\/p>\n\n\n\n<p>Los interesados tambi\u00e9n tendr\u00e1n derecho a la tutela judicial efectiva y a presentar una reclamaci\u00f3n ante la autoridad de control, en este caso, la Agencia Espa\u00f1ola de Protecci\u00f3n de Datos, si consideran que el tratamiento de datos personales que le conciernen infringe el Reglamento.<\/p>\n\n\n\n<p>\u00bfCon qu\u00e9 finalidad tratamos sus datos personales?<br>Cuando un usuario se conecta con esta web para realizar una consulta desde el formulario de contacto est\u00e1 facilitando informaci\u00f3n de car\u00e1cter personal de la que es responsable: depositoslimpiaparabrisas.com. Esa informaci\u00f3n puede incluir datos de car\u00e1cter personal como pueden ser su direcci\u00f3n IP, nombre, direcci\u00f3n de correo electr\u00f3nico, y otra informaci\u00f3n. Al facilitar esta informaci\u00f3n, el usuario da su consentimiento para que su informaci\u00f3n sea recopilada, utilizada, gestionada y almacenada por turbocoches.com s\u00f3lo como se describe en el Aviso Legal y en la presente Pol\u00edtica de Privacidad.<\/p>\n\n\n\n<p>En depositoslimpiaparabrisas.com existen diferentes sistemas de captura de informaci\u00f3n personal y trato la informaci\u00f3n que nos facilitan las personas interesadas con el siguiente fin por cada sistema de captura (formularios):<\/p>\n\n\n\n<p>Formulario de contacto: Solicitamos para responder a los requerimientos de los usuarios de depositoslimpiaparabrisas.com. Por ejemplo, podemos utilizar esos datos para responder a su solicitud y dar respuesta a las dudas, quejas, comentarios o inquietudes que puedas tener relativas a la informaci\u00f3n incluida en la web, los servicios que se prestan a trav\u00e9s de la web o cualquier otro relativo a los servicios ofrecidos, el tratamiento de sus datos personales, cuestiones referentes a los textos legales incluidos en la web, as\u00ed como cualesquiera otras consultas que pueda tener y que no est\u00e9n sujetas a las condiciones de contrataci\u00f3n. Le informamos que los datos que facilite estar\u00e1n ubicados en los servidores de Hostinger (proveedor de hosting de turbocoches.com) y de GOOGLE Espa\u00f1a dentro de la UE.<br>Existen otras finalidades por la que tratamos tus datos personales:<\/p>\n\n\n\n<p>Para garantizar el cumplimiento de las condiciones de uso y la ley aplicable. Esto puede incluir el desarrollo de herramientas y algoritmos que ayudan a esta web a garantizar la confidencialidad de los datos personales que recoge.<br>Para apoyar y mejorar los servicios que ofrece esta web.<br>Igualmente, le informamos que determinadas funcionalidades de depositoslimpiaparabrisas.com dependen del uso de cookies, por lo que, en el caso de que no haya denegado la posibilidad de su uso, se proceder\u00e1 al tratamiento de determinada informaci\u00f3n relacionada con su uso de turbocoches.com. Puede ver las condiciones para su uso en la Pol\u00edtica de cookies<br>Para gestionar las redes sociales. depositoslimpiaparabrisas.com tiene presencia en redes sociales. El tratamiento de los datos que se lleve a cabo de las personas que se hagan seguidoras en las redes sociales de las p\u00e1ginas oficiales de turbocoches.com, se regir\u00e1 por este apartado. As\u00ed como por aquellas condiciones de uso, pol\u00edticas de privacidad y normativas de acceso que pertenezcan a la red social que proceda en cada caso y aceptadas previamente por el usuario de turbocoches.com. Tratar\u00e1 sus datos con las finalidades de administrar correctamente su presencia en la red social, informando de actividades, productos o servicios de turbocoches.com. As\u00ed como para cualquier otra finalidad que las normativas de las redes sociales permitan. En ning\u00fan caso utilizaremos los perfiles de seguidores en redes sociales para enviar publicidad de manera individual.<br>Depositoslimpiaparabrisas.com, no vende, alquila ni cede datos de car\u00e1cter personal que puedan identificar al usuario, ni lo har\u00e1 en el futuro a terceros.<br>Legitimaci\u00f3n para el tratamiento de tus datos<br>La base legal para el tratamiento de sus datos es: el consentimiento. El tratamiento de los datos del usuario por parte de depositoslimpiaparabrisas.com se ampara en la solicitud por parte del usuario de los servicios puestos a disposici\u00f3n a trav\u00e9s del presente portal web.<\/p>\n\n\n\n<p>Para contactar o realizar comentarios en esta web se requiere el consentimiento con esta pol\u00edtica de privacidad.<\/p>\n\n\n\n<p>\u00bfPor cu\u00e1nto tiempo conservaremos sus datos?<br>Los datos personales proporcionados se conservar\u00e1n:<\/p>\n\n\n\n<p>Mientras se mantenga la relaci\u00f3n mercantil. Una vez finalizada dicha relaci\u00f3n, sus datos ser\u00e1n conservados durante los plazos legalmente exigidos para las posibles responsabilidades derivadas del servicio prestado<br>No se solicite su supresi\u00f3n por parte del interesado.<br>\u00bfA qu\u00e9 destinatarios se comunicar\u00e1n sus datos?<br>Para prestar servicios estrictamente necesarios para el desarrollo de la actividad, depositoslimpiaparabrisas.com, comparte datos con los siguientes prestadores bajo sus correspondientes condiciones de privacidad.<\/p>\n\n\n\n<p>Todas las utilidades ofrecidas por terceros son estrictamente necesarias para el desarrollo de nuestros servicios y han sido seleccionadas atendiendo al cumplimiento de los derechos que preservamos en esta web.<\/p>\n\n\n\n<p>Las siguientes empresas tendr\u00e1n acceso a la informaci\u00f3n personal necesaria para realizar sus funciones como encargados de tratamiento, pero no podr\u00e1n utilizarla para otros fines. Adem\u00e1s, deber\u00e1n tratar la informaci\u00f3n personal de conformidad con la presente Pol\u00edtica de Privacidad y la legislaci\u00f3n aplicable en materia de protecci\u00f3n de datos.<\/p>\n\n\n\n<p>Hosting: Hostinger , trata los datos con la finalidad de realizar sus servicios como proveedor de hosting a depositoslimpiaparabrisas.com.<\/p>\n\n\n\n<p>Google Analytics: un servicio anal\u00edtico de web prestado por Google, Inc., una compa\u00f1\u00eda de Delaware cuya oficina principal est\u00e1 en 1600 Amphitheatre Parkway, Mountain View (California), CA 94043, Estados Unidos (\u201cGoogle\u201d). Google Analytics utiliza \u201ccookies\u201d, que son archivos de texto ubicados en tu ordenador, para ayudar a depositoslimpiaparabrisas.com a analizar el uso que hacen los usuarios del sitio web. La informaci\u00f3n que genera la cookie acerca de su uso de turbocoches.com (incluyendo su direcci\u00f3n IP) ser\u00e1 directamente transmitida y archivada por Google en los servidores de Estados Unidos.<\/p>\n\n\n\n<p>Datos de navegaci\u00f3n<br>Al navegar por depositoslimpiaparabrisas.com se pueden recoger datos identificables, que pueden incluir, direcciones IP, ubicaci\u00f3n geogr\u00e1fica (aproximadamente), un registro de c\u00f3mo se utilizan los servicios y sitios, y otros datos que no pueden ser utilizados para identificar al usuario. Entre los datos no identificativos est\u00e1n tambi\u00e9n los relacionados a sus h\u00e1bitos de navegaci\u00f3n a trav\u00e9s de servicios de terceros. Esta web utiliza los siguientes servicios de an\u00e1lisis de terceros, en concreto con Google Analytics funcionamos con la opci\u00f3n de IP anonimizada para evitar la identificaci\u00f3n usuarios:<\/p>\n\n\n\n<p>Google Analytics.<br>Search Console.<br>Utilizamos esta informaci\u00f3n para analizar tendencias, administrar el sitio, rastrear los movimientos de los usuarios alrededor del sitio y para recopilar informaci\u00f3n demogr\u00e1fica sobre nuestra base de usuarios en su conjunto.<\/p>\n\n\n\n<p>Sus derechos al facilitar sus datos personales<br>Cualquier persona tiene derecho a obtener confirmaci\u00f3n sobre si en depositoslimpiaparabrisas.com se est\u00e1n tratando datos personales que les conciernan, o no.<\/p>\n\n\n\n<p>Las personas interesadas tienen derecho a acceder a sus datos personales, as\u00ed como a solicitar la rectificaci\u00f3n de los datos inexactos o, en su caso, solicitar su supresi\u00f3n cuando, entre otros motivos, los datos ya no sean necesarios para los fines que fueron recogidos.<\/p>\n\n\n\n<p>En determinadas circunstancias, los interesados podr\u00e1n solicitar la limitaci\u00f3n del tratamiento de sus datos, en cuyo caso \u00fanicamente los conservaremos para el ejercicio o la defensa de reclamaciones.<\/p>\n\n\n\n<p>En determinadas circunstancias y por motivos relacionados con su situaci\u00f3n particular, los interesados podr\u00e1n oponerse al tratamiento de sus datos.<\/p>\n\n\n\n<p>Depositoslimpiaparabrisas.com dejar\u00e1 de tratar los datos, salvo por motivos leg\u00edtimos imperiosos, o el ejercicio o la defensa de posibles reclamaciones.<\/p>\n\n\n\n<p>Podr\u00e1 ejercitar materialmente sus derechos por correo electr\u00f3nico en la direcci\u00f3n: hefesto.anais@gmail.com.<\/p>\n\n\n\n<p>Secreto y seguridad de los datos<br>Depositoslimpiaparabrisas.com se compromete en el uso y tratamiento de los datos personales incluidos de los usuarios, respetando su confidencialidad y a utilizarlos de acuerdo con la finalidad de los mismos, as\u00ed como a dar cumplimiento a su obligaci\u00f3n de guardarlos y adaptar todas las medidas para evitar la alteraci\u00f3n, p\u00e9rdida, tratamiento o acceso no autorizado (Como los protocolos Https que utilizamos), de conformidad con lo establecido en la normativa vigente de protecci\u00f3n de datos.<\/p>\n\n\n\n<p>Depositoslimpiaparabrisas.com no puede garantizar la absoluta inexpugnabilidad de la red de Internet y por tanto, la violaci\u00f3n de los datos mediante accesos fraudulentos a ellos por parte de terceros.<\/p>\n\n\n\n<p>Exactitud y veracidad de los datos<br>Como usuario, es el \u00fanico responsable de la veracidad y correcci\u00f3n de los datos que remitas a depositoslimpiaparabrisas.com exonerando a a nuestro sitio web, de cualquier responsabilidad al respecto. Los usuarios garantizan y responden, en cualquier caso, de la exactitud, vigencia y autenticidad de los datos personales facilitados y se comprometen a mantenerlos debidamente actualizados. El usuario acepta proporcionar informaci\u00f3n completa y correcta en el formulario de contacto o pago.<\/p>\n\n\n\n<p>Aceptaci\u00f3n y consentimiento<br>El usuario declara haber sido informado de las condiciones sobre protecci\u00f3n de datos de car\u00e1cter personal, aceptando y consintiendo el tratamiento de los mismos por parte de depositoslimpiaparabrisas.com en la forma y para las finalidades indicadas en esta pol\u00edtica de privacidad<\/p>\n\n\n\n<p>Cambios en la pol\u00edtica de privacidad<\/p>\n\n\n\n<p>Depositoslimpiaparabrisas.com, se reserva el derecho a modificar la presente pol\u00edtica para adaptarla a novedades legislativas o jurisprudenciales, as\u00ed como a pr\u00e1cticas de la industria. En dichos supuestos, el Prestador anunciar\u00e1 en esta p\u00e1gina los cambios introducidos con razonable antelaci\u00f3n a su puesta en pr\u00e1ctica.<\/p>\n\n\n\n<p>Correos comerciales<\/p>\n\n\n\n<p>De acuerdo con la LSSICE, depositoslimpiaparabrisas.com no realiza pr\u00e1cticas de SPAM, por lo que no env\u00eda correos comerciales por v\u00eda electr\u00f3nica que no hayan sido previamente solicitados o autorizados por el usuario.<\/p>\n\n\n\n<p>Conforme a lo dispuesto en la Ley 34\/2002 de Servicios de la Sociedad de la Informaci\u00f3n y de comercio electr\u00f3nico, CartasDivinas.com se compromete a no enviar comunicaciones de car\u00e1cter comercial sin identificarlas debidamente.<\/p>\n\n\n\n<p>Documento revisado el 02\/05\/2023<\/p>\n\n\n\n<p> <\/p>\n","protected":false},"excerpt":{"rendered":"<p>Si est\u00e1s aqu\u00ed&#8230;. Si est\u00e1s aqu\u00ed\u2026.\u2026te damos la bienvenida a nuestra web y te invitamos a conocer estos t\u00e9rminos antes de que facilite sus datos personales en ella, si estos fueran precisos. Menores de edad.No esta permitido el tratamiento de datos personales a menores de edad.Si es menor de 18 a\u00f1os y ha accedido a&#8230;<\/p>\n","protected":false},"author":1,"featured_media":0,"parent":0,"menu_order":0,"comment_status":"closed","ping_status":"closed","template":"","meta":[],"_links":{"self":[{"href":"https:\/\/depositoslimpiaparabrisas.com\/index.php\/wp-json\/wp\/v2\/pages\/24"}],"collection":[{"href":"https:\/\/depositoslimpiaparabrisas.com\/index.php\/wp-json\/wp\/v2\/pages"}],"about":[{"href":"https:\/\/depositoslimpiaparabrisas.com\/index.php\/wp-json\/wp\/v2\/types\/page"}],"author":[{"embeddable":true,"href":"https:\/\/depositoslimpiaparabrisas.com\/index.php\/wp-json\/wp\/v2\/users\/1"}],"replies":[{"embeddable":true,"href":"https:\/\/depositoslimpiaparabrisas.com\/index.php\/wp-json\/wp\/v2\/comments?post=24"}],"version-history":[{"count":1,"href":"https:\/\/depositoslimpiaparabrisas.com\/index.php\/wp-json\/wp\/v2\/pages\/24\/revisions"}],"predecessor-version":[{"id":25,"href":"https:\/\/depositoslimpiaparabrisas.com\/index.php\/wp-json\/wp\/v2\/pages\/24\/revisions\/25"}],"wp:attachment":[{"href":"https:\/\/depositoslimpiaparabrisas.com\/index.php\/wp-json\/wp\/v2\/media?parent=24"}],"curies":[{"name":"wp","href":"https:\/\/api.w.org\/{rel}","templated":true}]}}