{"id":136,"date":"2023-05-03T16:16:40","date_gmt":"2023-05-03T16:16:40","guid":{"rendered":"https:\/\/depositoslimpiaparabrisas.com\/?page_id=136"},"modified":"2023-05-03T16:17:52","modified_gmt":"2023-05-03T16:17:52","slug":"que-es-un-bote-limpiaparabrisas","status":"publish","type":"page","link":"https:\/\/depositoslimpiaparabrisas.com\/index.php\/que-es-un-bote-limpiaparabrisas\/","title":{"rendered":"\u00bfQu\u00e9 es un bote limpiaparabrisas?"},"content":{"rendered":"\n<p>Los dep\u00f3sitos de agua para el limpiaparabrisas son elementos importantes en los veh\u00edculos modernos que ayudan a mantener una buena visibilidad durante la conducci\u00f3n. Se trata de recipientes que se utilizan para almacenar agua y l\u00edquido limpiaparabrisas que se usan para limpiar el parabrisas del veh\u00edculo mientras se conduce.<\/p>\n\n\n\n<figure class=\"wp-block-image size-large\"><img decoding=\"async\" loading=\"lazy\" width=\"1024\" height=\"585\" src=\"https:\/\/depositoslimpiaparabrisas.com\/wp-content\/uploads\/2023\/05\/Bote-limpiaparabrisas-Foto-1024x585.jpg\" alt=\"\" class=\"wp-image-138\" srcset=\"https:\/\/depositoslimpiaparabrisas.com\/wp-content\/uploads\/2023\/05\/Bote-limpiaparabrisas-Foto-1024x585.jpg 1024w, https:\/\/depositoslimpiaparabrisas.com\/wp-content\/uploads\/2023\/05\/Bote-limpiaparabrisas-Foto-300x171.jpg 300w, https:\/\/depositoslimpiaparabrisas.com\/wp-content\/uploads\/2023\/05\/Bote-limpiaparabrisas-Foto-768x439.jpg 768w, https:\/\/depositoslimpiaparabrisas.com\/wp-content\/uploads\/2023\/05\/Bote-limpiaparabrisas-Foto.jpg 1050w\" sizes=\"(max-width: 1024px) 100vw, 1024px\" \/><\/figure>\n\n\n\n<p>Estos dep\u00f3sitos suelen estar fabricados en pl\u00e1stico, y se encuentran ubicados en la parte inferior del cap\u00f3 delantero del veh\u00edculo, cerca del motor o de los limpiaparabrisas. La ubicaci\u00f3n del dep\u00f3sito puede variar seg\u00fan el modelo y la marca del veh\u00edculo, pero en general se encuentran en una posici\u00f3n accesible para poder rellenarlos f\u00e1cilmente.<\/p>\n\n\n\n<p>El tama\u00f1o de los dep\u00f3sitos puede variar seg\u00fan el modelo del veh\u00edculo y la capacidad suele oscilar entre un litro y varios litros. Algunos dep\u00f3sitos tienen una tapa de rosca que se utiliza para rellenar el agua, mientras que otros tienen una tapa a presi\u00f3n que se puede abrir para rellenar el l\u00edquido limpiaparabrisas directamente.<\/p>\n\n\n\n<p>Es tan importante tener unas escobillas en buen estado, como mantener el dep\u00f3sito de agua del limpiaparabrisas lleno, ya que una cantidad insuficiente de l\u00edquido limpiaparabrisas puede dificultar la visibilidad del conductor en situaciones de lluvia o suciedad en el parabrisas. Adem\u00e1s, algunos l\u00edquidos limpiaparabrisas contienen aditivos que ayudan a limpiar mejor el parabrisas o a prevenir que el agua se congele en climas fr\u00edos.<\/p>\n\n\n\n<h3 class=\"wp-block-heading\">Ver Oferta del producto enlazada a Amazon.es<\/h3>\n\n\n\n<figure class=\"wp-block-image size-large\"><a href=\"https:\/\/amzn.to\/42ou5Nt\" target=\"_blank\" rel=\"noreferrer noopener\"><img decoding=\"async\" loading=\"lazy\" width=\"1024\" height=\"576\" src=\"https:\/\/depositoslimpiaparabrisas.com\/wp-content\/uploads\/2023\/05\/Lavaparabrisas-RainX-5L.-Turbo-Amazon-1024x576.jpg\" alt=\"\" class=\"wp-image-139\" srcset=\"https:\/\/depositoslimpiaparabrisas.com\/wp-content\/uploads\/2023\/05\/Lavaparabrisas-RainX-5L.-Turbo-Amazon-1024x576.jpg 1024w, https:\/\/depositoslimpiaparabrisas.com\/wp-content\/uploads\/2023\/05\/Lavaparabrisas-RainX-5L.-Turbo-Amazon-300x169.jpg 300w, https:\/\/depositoslimpiaparabrisas.com\/wp-content\/uploads\/2023\/05\/Lavaparabrisas-RainX-5L.-Turbo-Amazon-768x432.jpg 768w, https:\/\/depositoslimpiaparabrisas.com\/wp-content\/uploads\/2023\/05\/Lavaparabrisas-RainX-5L.-Turbo-Amazon.jpg 1280w\" sizes=\"(max-width: 1024px) 100vw, 1024px\" \/><\/a><\/figure>\n\n\n\n<p>En t\u00e9rminos de mantenimiento, los dep\u00f3sitos de agua para el limpiaparabrisas deben limpiarse regularmente para evitar que se acumule suciedad y contaminaci\u00f3n en el interior del dep\u00f3sito. Esto se puede hacer simplemente limpiando el interior del dep\u00f3sito con agua y un detergente suave.<\/p>\n\n\n\n<p>En resumen, los dep\u00f3sitos de agua para el limpiaparabrisas son elementos esenciales en los veh\u00edculos modernos que ayudan a mantener una buena visibilidad y una conducci\u00f3n segura en condiciones de lluvia o suciedad en el parabrisas. Es importante mantenerlos llenos y limpios para un buen funcionamiento.<\/p>\n","protected":false},"excerpt":{"rendered":"<p>Los dep\u00f3sitos de agua para el limpiaparabrisas son elementos importantes en los veh\u00edculos modernos que ayudan a mantener una buena visibilidad durante la conducci\u00f3n. Se trata de recipientes que se utilizan para almacenar agua y l\u00edquido limpiaparabrisas que se usan para limpiar el parabrisas del veh\u00edculo mientras se conduce. Estos dep\u00f3sitos suelen estar fabricados en&#8230;<\/p>\n","protected":false},"author":1,"featured_media":0,"parent":0,"menu_order":0,"comment_status":"closed","ping_status":"closed","template":"","meta":[],"_links":{"self":[{"href":"https:\/\/depositoslimpiaparabrisas.com\/index.php\/wp-json\/wp\/v2\/pages\/136"}],"collection":[{"href":"https:\/\/depositoslimpiaparabrisas.com\/index.php\/wp-json\/wp\/v2\/pages"}],"about":[{"href":"https:\/\/depositoslimpiaparabrisas.com\/index.php\/wp-json\/wp\/v2\/types\/page"}],"author":[{"embeddable":true,"href":"https:\/\/depositoslimpiaparabrisas.com\/index.php\/wp-json\/wp\/v2\/users\/1"}],"replies":[{"embeddable":true,"href":"https:\/\/depositoslimpiaparabrisas.com\/index.php\/wp-json\/wp\/v2\/comments?post=136"}],"version-history":[{"count":2,"href":"https:\/\/depositoslimpiaparabrisas.com\/index.php\/wp-json\/wp\/v2\/pages\/136\/revisions"}],"predecessor-version":[{"id":141,"href":"https:\/\/depositoslimpiaparabrisas.com\/index.php\/wp-json\/wp\/v2\/pages\/136\/revisions\/141"}],"wp:attachment":[{"href":"https:\/\/depositoslimpiaparabrisas.com\/index.php\/wp-json\/wp\/v2\/media?parent=136"}],"curies":[{"name":"wp","href":"https:\/\/api.w.org\/{rel}","templated":true}]}}